{"id":101,"date":"2012-01-10T13:56:47","date_gmt":"2012-01-10T13:56:47","guid":{"rendered":"http:\/\/www.aze-tuning.de\/tuning-shop\/?page_id=101"},"modified":"2024-01-24T15:43:23","modified_gmt":"2024-01-24T15:43:23","slug":"eibach-federn","status":"publish","type":"page","link":"https:\/\/www.aze-tuning.de\/tuning-shop\/eibach-federn\/","title":{"rendered":"Eibach Federn"},"content":{"rendered":"\r\n<div class=\"all_products_header\"><a href=\"..\/..\/Fahrwerkstechnik\/Tieferlegungsfedern\/?manufacturer=0dc48d67aac04b168c9ebb4b573d07e1&amp;order=name-asc&amp;p=1\">Federn von Eibach <u>durchsuchen<\/u> \u2794 <\/a><\/div>\r\n\r\n\r\n\r\n\r\n<h2>Eibach Federn sind mehr als nur Tieferlegungsfedern und Sportfedern<\/h2>\r\n<p>Heinrich Eibach gr\u00fcndete das Unternehmen und spezialisierte sich von Anfang an auf die Herstellung von qualitativ hochwertigen Fahrzeug Federn, Sportfedern und sp\u00e4ter auch Tieferlegungsfedern f\u00fcr den Automobilbereich.<br \/><br \/>Schnell wurde erkannt, dass durch die Tieferlegung mit Eibach Tieferlegungsfedern der Schwerpunkt eines Fahrzeuges gesenkt werden kann und somit die Kurven-Stabilit\u00e4t enorm steigt. Zus\u00e4tzlich experimentierte man mit verschiedenen H\u00e4rten und Wickelungen der Eibach Federn, um die Performance weiter zu steigern.<br \/><br \/>Lang dauerte es nicht und Eibach war die Adresse f\u00fcr Fahrer, die ihren Wagen mit speziellen Sportfedern oder <a href=\"https:\/\/www.aze-tuning.de\/Fahrwerkstechnik\/Tieferlegungsfedern\/?manufacturer=0dc48d67aac04b168c9ebb4b573d07e1&#038;order=name-asc&#038;p=1\">Tieferlegungsfedern<\/a> der Marke Eibach aufr\u00fcsten wollten. So war es nur eine Frage der Zeit bis Eibach auch aktiv in den Motorsport einstieg und dort zus\u00e4tzlich Erfahrung f\u00fcr die Produktion seiner Federn sammeln konnte.<br \/><br \/>Diese Erfahrungen flossen umgehend in die Entwicklung der <strong>Eibach Federn<\/strong>, Sportfedern und Tieferlegungsfedern ein, die  sich \u00fcber die Jahre zu dem entwickelten, was wir heute unter Premium <strong>Sportfeder<\/strong> und <em>Tieferlegungsfedern<\/em> verstehen.<br \/><br \/>Heute bietet Eibach zwei Varianten von Federn an.<br \/><br \/>Die Performance Fahrwerksfedern auch Eibach Pro-Kit genannt und die Performance Fahrwerksfedern Sport, die auch unter dem Namen Eibach Sports Line vertrieben werden.<\/p>\r\n\r\n<h2>Eibach Pro-Kit Feder<\/h2>\r\n<p>Bei der <strong>Eibach Pro-Kit Feder<\/strong> erreicht man die optimale Fahrqualit\u00e4t durch ein Absenken der Karosserie und somit des Schwerpunktes um 40mm und der progressiven Federungscharakteristik. Dieses macht die Eibach Pro-Kit Sportfedern zum Top-Seller des Unternehmens.<br \/><br \/>Die Eibach Sports-Line Tieferlegungsfedern besitzen \u00e4hnlich wie die <em>Eibach Pro-Kit Federn<\/em> ein progressives Federsystem, das durch die um 10 mm auf 50 mm erh\u00f6hte Tieferlegung ein Handling wie im Motorsport verspricht. Daher sind die Eibach Sports-Line Federn reine <em>Tieferlegungsfedern<\/em> und ben\u00f6tigen dementsprechend verk\u00fcrzte Sto\u00dfd\u00e4mpfer.<br \/><br \/>Die Eibach Pro-Kit Sportfedern und die <em>Eibach Sports-Line Tieferlegungsfedern<\/em> erreichen eine Stra\u00dfenperformance, die Federn anderer Hersteller nicht erreichen.<\/p>\r\n\r\n\r\n\r\n\r\n<div class=\"col_right\"><\/div>\r\n\r\n\r\n\r\n\r\n\r\n<div class=\"col_footer\">&nbsp;<\/div>\r\n","protected":false},"excerpt":{"rendered":"<p>Federn von Eibach durchsuchen \u2794 Eibach Federn sind mehr als nur Tieferlegungsfedern und Sportfedern Heinrich Eibach gr\u00fcndete das Unternehmen und spezialisierte sich von Anfang an auf die Herstellung von qualitativ hochwertigen Fahrzeug Federn, Sportfedern und sp\u00e4ter auch Tieferlegungsfedern f\u00fcr den &hellip; <a href=\"https:\/\/www.aze-tuning.de\/tuning-shop\/eibach-federn\/\">Weiterlesen <span class=\"meta-nav\">&rarr;<\/span><\/a><\/p>\n","protected":false},"author":3,"featured_media":0,"parent":0,"menu_order":0,"comment_status":"closed","ping_status":"closed","template":"","meta":{"_monsterinsights_skip_tracking":false,"_monsterinsights_sitenote_active":false,"_monsterinsights_sitenote_note":"","_monsterinsights_sitenote_category":0,"jetpack_post_was_ever_published":false,"footnotes":""},"class_list":["post-101","page","type-page","status-publish","hentry"],"aioseo_notices":[],"jetpack_shortlink":"https:\/\/wp.me\/P4sq84-1D","jetpack_sharing_enabled":true,"_links":{"self":[{"href":"https:\/\/www.aze-tuning.de\/tuning-shop\/wp-json\/wp\/v2\/pages\/101","targetHints":{"allow":["GET"]}}],"collection":[{"href":"https:\/\/www.aze-tuning.de\/tuning-shop\/wp-json\/wp\/v2\/pages"}],"about":[{"href":"https:\/\/www.aze-tuning.de\/tuning-shop\/wp-json\/wp\/v2\/types\/page"}],"author":[{"embeddable":true,"href":"https:\/\/www.aze-tuning.de\/tuning-shop\/wp-json\/wp\/v2\/users\/3"}],"replies":[{"embeddable":true,"href":"https:\/\/www.aze-tuning.de\/tuning-shop\/wp-json\/wp\/v2\/comments?post=101"}],"version-history":[{"count":33,"href":"https:\/\/www.aze-tuning.de\/tuning-shop\/wp-json\/wp\/v2\/pages\/101\/revisions"}],"predecessor-version":[{"id":926,"href":"https:\/\/www.aze-tuning.de\/tuning-shop\/wp-json\/wp\/v2\/pages\/101\/revisions\/926"}],"wp:attachment":[{"href":"https:\/\/www.aze-tuning.de\/tuning-shop\/wp-json\/wp\/v2\/media?parent=101"}],"curies":[{"name":"wp","href":"https:\/\/api.w.org\/{rel}","templated":true}]}}