{"id":109,"date":"2012-01-11T11:54:06","date_gmt":"2012-01-11T11:54:06","guid":{"rendered":"http:\/\/www.aze-tuning.de\/tuning-shop\/?page_id=109"},"modified":"2021-02-18T16:22:09","modified_gmt":"2021-02-18T16:22:09","slug":"kw-tieferlegungsfedern","status":"publish","type":"page","link":"https:\/\/www.aze-tuning.de\/tuning-shop\/kw-tieferlegungsfedern\/","title":{"rendered":"KW Tieferlegungsfedern"},"content":{"rendered":"\n<div class=\"all_products_header\"><a href=\"..\/..\/Fahrwerkstechnik\/Gewindefahrwerk\/?manufacturer=9d8bf52839034be4b37de18abc496220&#038;order=name-asc&#038;p=1\">Tieferlegungsfedern von KW <u>durchsuchen<\/u> \u2794 <\/a><\/div>\n\n\n\n<h2>KW Tieferlegungsfedern<\/h2>\n<p>Die KW Federn sind <strong>Tieferlegungsfedern<\/strong> in OEM Qualit\u00e4t. Die Firma KW Automotive ist sein Mitte der Neunziger Jahren Spezialist f\u00fcr die Herstellung von Federn, Tieferlegungsfedern und Sportfedern. Die KW Sportfedern werden wie alle Federn bei <strong>KW<\/strong> aus hochfestem Chrom-Siliziumstahl, welcher durch eine hoch komplexe Technik gespindelt und geh\u00e4rtet wird. Bei der Entwicklung der <a href=\"https:\/\/www.aze-tuning.de\/Fahrwerkstechnik\/Gewindefahrwerk\/?manufacturer=9d8bf52839034be4b37de18abc496220&#038;order=name-asc&#038;p=1\">KW Tieferlegungsfedern<\/a> wurde genau ermittelt und berechnet wie die jeweiligen Wickelungen und H\u00e4rtegrade zu dem verschiedenen Fahrzeugmodellen passt, um eine gesteigerte Stra\u00dfenperformance zu erreichen. So hat <em>KW<\/em> ein riesen Sortiment an <strong>KW Federn<\/strong> und k\u00f6nnen somit fast alle Fahrzeugmodelle ausr\u00fcsten. Die <strong>KW Sportfedern<\/strong> verbessern neben den Fahreigenschaften auch die Optik des Fahrzeuges enorm da ein tieferer Wagen sportlicher aussieht als seine Serien Kollegen. Die <strong>KW Tieferlegungsfedern<\/strong> werden in tiefen von 40 bis 60 mm produziert und reduzieren somit den Schwerpunkt des Fahrzeuges erheblich, zus\u00e4tzlich zur Schwerpunktverlagerung besitzen sie eine strammere Kennung welche durch die Progressive Federgeometrie erreicht wird. Um das Sortiment von <em>KW Sportfedern<\/em> zu erweitern wurde zu den schon bestehenden Absenkh\u00f6hen auch eine Variante in Keilform geschaffen die die Fahrzeugfront tiefer setzt als das Heck, was eine bulligere aggressivere Optik schafft. Die sportlichere Abstimmung der KW Federn, Sportfedern und Tieferlegungsfedern erzeugt Fahrspa\u00df pur.<\/p>\n<h2>KW Tieferlegungsfedern online bestellen auf <a href=\"https:\/\/www.aze-tuning.de\/\">www.aze-tuning.de<\/a><\/h2>\n<p>Ab einer Tieferlegung von \u00fcber 40mm durch <em>KW Tieferlegungsfedern<\/em> empfiehlt das Unternehmen eine Verwendung von KW Sportsto\u00dfd\u00e4mpfer oder gek\u00fcrzte Sto\u00dfd\u00e4mpfer mit Rebound Technik. Da sonst bei voll Aushub der Kolbenstange die KW Sportfeder vom Federteller springen k\u00f6nnte. Alle KW Federn werden in Gelb Pulverbeschichtet was eine Korrosion bei Steinschl\u00e4gen oder Streusalzen verhindert. Die KW Tieferlegungsfedern sind eine kosteng\u00fcnstige Alternative sein Fahrzeug tieferzulegen ohne den Fahrspa\u00df und die Performance aus den Augen zu verlieren.<\/p>\n\n\n\n<div class=\"col_right\"><\/div>\n\n\n\n\n\n<div class=\"col_footer\">&nbsp;<\/div>\n","protected":false},"excerpt":{"rendered":"<p>Tieferlegungsfedern von KW durchsuchen \u2794 KW Tieferlegungsfedern Die KW Federn sind Tieferlegungsfedern in OEM Qualit\u00e4t. Die Firma KW Automotive ist sein Mitte der Neunziger Jahren Spezialist f\u00fcr die Herstellung von Federn, Tieferlegungsfedern und Sportfedern. Die KW Sportfedern werden wie alle &hellip; <a href=\"https:\/\/www.aze-tuning.de\/tuning-shop\/kw-tieferlegungsfedern\/\">Weiterlesen <span class=\"meta-nav\">&rarr;<\/span><\/a><\/p>\n","protected":false},"author":3,"featured_media":0,"parent":0,"menu_order":0,"comment_status":"closed","ping_status":"closed","template":"","meta":{"_monsterinsights_skip_tracking":false,"_monsterinsights_sitenote_active":false,"_monsterinsights_sitenote_note":"","_monsterinsights_sitenote_category":0,"jetpack_post_was_ever_published":false,"footnotes":""},"class_list":["post-109","page","type-page","status-publish","hentry"],"aioseo_notices":[],"jetpack_shortlink":"https:\/\/wp.me\/P4sq84-1L","jetpack_sharing_enabled":true,"_links":{"self":[{"href":"https:\/\/www.aze-tuning.de\/tuning-shop\/wp-json\/wp\/v2\/pages\/109","targetHints":{"allow":["GET"]}}],"collection":[{"href":"https:\/\/www.aze-tuning.de\/tuning-shop\/wp-json\/wp\/v2\/pages"}],"about":[{"href":"https:\/\/www.aze-tuning.de\/tuning-shop\/wp-json\/wp\/v2\/types\/page"}],"author":[{"embeddable":true,"href":"https:\/\/www.aze-tuning.de\/tuning-shop\/wp-json\/wp\/v2\/users\/3"}],"replies":[{"embeddable":true,"href":"https:\/\/www.aze-tuning.de\/tuning-shop\/wp-json\/wp\/v2\/comments?post=109"}],"version-history":[{"count":11,"href":"https:\/\/www.aze-tuning.de\/tuning-shop\/wp-json\/wp\/v2\/pages\/109\/revisions"}],"predecessor-version":[{"id":818,"href":"https:\/\/www.aze-tuning.de\/tuning-shop\/wp-json\/wp\/v2\/pages\/109\/revisions\/818"}],"wp:attachment":[{"href":"https:\/\/www.aze-tuning.de\/tuning-shop\/wp-json\/wp\/v2\/media?parent=109"}],"curies":[{"name":"wp","href":"https:\/\/api.w.org\/{rel}","templated":true}]}}