{"id":115,"date":"2012-01-11T12:03:27","date_gmt":"2012-01-11T12:03:27","guid":{"rendered":"http:\/\/www.aze-tuning.de\/tuning-shop\/?page_id=115"},"modified":"2021-02-18T16:17:17","modified_gmt":"2021-02-18T16:17:17","slug":"kw-fahrwerke","status":"publish","type":"page","link":"https:\/\/www.aze-tuning.de\/tuning-shop\/kw-fahrwerke\/","title":{"rendered":"KW Fahrwerke"},"content":{"rendered":"\n<div class=\"all_products_header\"><a href=\"..\/..\/Fahrwerkstechnik\/Gewindefahrwerk\/?manufacturer=9d8bf52839034be4b37de18abc496220&amp;order=name-asc&amp;p=1\">Fahrwerke von KW <u>durchsuchen<\/u> \u2794 <\/a><\/div>\n\n\n\n<h2>KW Fahrwerke<\/h2>\n<p>Die Firma KW Automotive liefert schon seit den 90er Jahren KW Fahrwerke mit sportlicher Abstimmung.<\/p>\n<p>Die <strong>KW Suspension&nbsp; Fahrwerke<\/strong> wurden zus\u00e4tzlich zum bew\u00e4hrten <a href=\"https:\/\/www.aze-tuning.de\/Fahrwerkstechnik\/Gewindefahrwerk\/?manufacturer=9d8bf52839034be4b37de18abc496220&amp;order=name-asc&amp;p=1\">KW Gewindefahrwerk <\/a>produziert.<br \/>Auch bei der Entwicklung der <a href=\"https:\/\/www.aze-tuning.de\/Fahrwerkstechnik\/Sportfahrwerke\/\">KW Sportfahrwerke<\/a> wurde auf die jahrelange Erfahrung aus dem Motor- und Rennsport zur\u00fcckgegriffen. Die Ingenieure von KW Automotive verstanden es auch aus qualitativ hochwertigen Materialien, viel Erfahrung und gro\u00dfem Know-how ein <strong>KW Fahrwerk<\/strong> zu produzieren welches den hohen Anspr\u00fcchen der Kundengruppe gen\u00fcgt.<br \/>Durch die perfekte Planung und industrieller Fertigung der <em>KW Sportfahrwerke<\/em> ist es dem Unternehmen gelungen eine Komplettfahrwerkl\u00f6sung f\u00fcr fast jede Marke und jedes Model in Erstausr\u00fcsterqualit\u00e4t herzustellen und zu vertreiben. So besitzt <strong>KW Suspension<\/strong> eines der gr\u00f6\u00dften Sortimente an Sportfahrwerken.<br \/>Durch diese Herstellmetode konnte ein kosteng\u00fcnstiges und dennoch hochwertiges KW Fahrwerk hergestellt werden, welches neben der optischen Verbesserung auch eine sportliche Stra\u00dfenperformance bietet.<br \/>Wie bei allen KW Fahrwerken und <em>KW Sportfahrwerken<\/em> wurde die Progressive Feder aus hochwertigen Chrom- Siliziumstahl produziert welcher durch seine Wickelung und H\u00e4rtung ein Sportlich strammes Fahrgef\u00fchl vermittelt. Die Gelbe Pulverbeschichtung aller Federn Der KW Sportfahrwerke bietet hohen Korrosionsschutz und erh\u00f6ht die Langlebigkeit des KW Fahrwerkes.<br \/>Jedes KW Suspension Fahrwerk wird mit den bew\u00e4hrten 2-Rohr Gasdruckd\u00e4mpfern ausgestattet, welche dank Ihrer Chrom Kolbenstange welche mit Teflon beschichtet ist eine unerwartete Lebensdauer garantiert.<br \/>Durch diese Verwendung von hochwertigen Komponenten besitzen die KW Fahrwerke und KW Sportfahrwerke eine Erstausr\u00fcsterqualit\u00e4t welche sich in Qualit\u00e4t und Lebenszeit zeigt.<\/p>\n<h2>KW Suspension Fahrwerke<\/h2>\n<p>Die <em>KW Suspension Fahrwerke<\/em> steigern die Fahrdynamit und Performance dank einer Progressiven Federabstimmung und hochwertigen Sto\u00dfd\u00e4mpfern. Der gesenkte Fahrzeugschwerpunkt verbessert zus\u00e4tzlich noch die Sportliche Note des KW Sportfahrwerkes.<br \/>Mit dem KW Suspension Sportfahrwerken ist es <strong>KW Automotive<\/strong> gelungen ein Fahrwerk \u2013Programm zu entwickeln was in Qualit\u00e4t und Performance die Konkurrenz in den schatten stellt.<\/p>\n\n\n\n<div class=\"col_right\"><\/div>\n\n\n\n\n\n<div class=\"col_footer\">&nbsp;<\/div>\n","protected":false},"excerpt":{"rendered":"<p>Fahrwerke von KW durchsuchen \u2794 KW Fahrwerke Die Firma KW Automotive liefert schon seit den 90er Jahren KW Fahrwerke mit sportlicher Abstimmung. Die KW Suspension&nbsp; Fahrwerke wurden zus\u00e4tzlich zum bew\u00e4hrten KW Gewindefahrwerk produziert.Auch bei der Entwicklung der KW Sportfahrwerke wurde &hellip; <a href=\"https:\/\/www.aze-tuning.de\/tuning-shop\/kw-fahrwerke\/\">Weiterlesen <span class=\"meta-nav\">&rarr;<\/span><\/a><\/p>\n","protected":false},"author":3,"featured_media":0,"parent":0,"menu_order":0,"comment_status":"closed","ping_status":"closed","template":"","meta":{"_monsterinsights_skip_tracking":false,"_monsterinsights_sitenote_active":false,"_monsterinsights_sitenote_note":"","_monsterinsights_sitenote_category":0,"jetpack_post_was_ever_published":false,"footnotes":""},"class_list":["post-115","page","type-page","status-publish","hentry"],"aioseo_notices":[],"jetpack_shortlink":"https:\/\/wp.me\/P4sq84-1R","jetpack_sharing_enabled":true,"_links":{"self":[{"href":"https:\/\/www.aze-tuning.de\/tuning-shop\/wp-json\/wp\/v2\/pages\/115","targetHints":{"allow":["GET"]}}],"collection":[{"href":"https:\/\/www.aze-tuning.de\/tuning-shop\/wp-json\/wp\/v2\/pages"}],"about":[{"href":"https:\/\/www.aze-tuning.de\/tuning-shop\/wp-json\/wp\/v2\/types\/page"}],"author":[{"embeddable":true,"href":"https:\/\/www.aze-tuning.de\/tuning-shop\/wp-json\/wp\/v2\/users\/3"}],"replies":[{"embeddable":true,"href":"https:\/\/www.aze-tuning.de\/tuning-shop\/wp-json\/wp\/v2\/comments?post=115"}],"version-history":[{"count":7,"href":"https:\/\/www.aze-tuning.de\/tuning-shop\/wp-json\/wp\/v2\/pages\/115\/revisions"}],"predecessor-version":[{"id":813,"href":"https:\/\/www.aze-tuning.de\/tuning-shop\/wp-json\/wp\/v2\/pages\/115\/revisions\/813"}],"wp:attachment":[{"href":"https:\/\/www.aze-tuning.de\/tuning-shop\/wp-json\/wp\/v2\/media?parent=115"}],"curies":[{"name":"wp","href":"https:\/\/api.w.org\/{rel}","templated":true}]}}