{"id":13,"date":"2011-12-14T14:11:35","date_gmt":"2011-12-14T14:11:35","guid":{"rendered":"http:\/\/www.aze-tuning.de\/tuning-shop\/?page_id=13"},"modified":"2021-02-18T16:08:10","modified_gmt":"2021-02-18T16:08:10","slug":"hr-gewindefahrwerk","status":"publish","type":"page","link":"https:\/\/www.aze-tuning.de\/tuning-shop\/hr-gewindefahrwerk\/","title":{"rendered":"H&#038;R Gewindefahrwerk"},"content":{"rendered":"\n<div class=\"all_products_header\"><a href=\"..\/..\/Fahrwerkstechnik\/Gewindefahrwerk\/?manufacturer=35536b15bcf04505a9add61fb123008b&#038;order=name-asc&#038;p=1\">H&amp;R Gewindefahrwerke <u>durchsuchen<\/u> \u2794 <\/a><\/div>\n\n\n\n<h2>Das H&amp;R Gewindefahrwerk<br \/>ist eines der traditionsreichsten Gewindefahrwerke Deutschlands.<\/h2>\n<p>H&amp;R geh\u00f6rt zu einem der \u00e4ltesten Sportfahrwerkherstellern weltweit.<br \/>Auch mit der Produktion von <strong>Gewindefahrwerken<\/strong> wurde bereits Ende der 80er Jahre begonnen welche die Firma <strong>H&amp;R<\/strong> Jahr f\u00fcr Jahr immer weiter entwickelte.<br \/>In der heutigen Entwicklungsstufe erreichten die <em>Gewindefahrwerke<\/em> dank ihrer Einrohr-D\u00e4mpfungstechnik, welche mit individuell auf das entsprechende Fahrzeug angepassten Fahrwerksfedern ein schwer zu \u00fcbertreffendes Fahrgef\u00fchl bietet &#8211; welches seines gleichen sucht.<br \/>Die Abstimmung der <strong>H&amp;R Gewindefahrwerke<\/strong> richtet sich an die sportliche Fahrer die trotz einer \u00fcberzeugenden Tieferlegung nicht auf einen Restkomfort verzichten wollen.<\/p>\n<h3>H&amp;R Twin-Tube<\/h3>\n<p>Eine Weiterentwicklung der Einrohr-D\u00e4mpfungstechnik ist das <em>H&amp;R Twin-Tube Gewindefahrwerk<\/em>, welche nur in Edelstahl gefertigt wird um Korrosion und Rost keine Chance geben zu k\u00f6nnen nach dem Winter das hochgedrehte Sportfahrwerk wieder abzusenken.<\/p>\n<p>Dieses Fahrwerk wird in 2 Versionen produziert, welche sich durch das Setup und die Einstellbarkeit unterscheiden.<br \/>Die Version 1 wurde gezielt f\u00fcr die Fahrer entwickelt die trotz Sportlicher H\u00e4rte eine komfortable Alltagstauglichkeit w\u00fcnschen. Entsprechend wurden die D\u00e4mpfercharakteristik und die Federnh\u00e4rte so kombiniert, dass trotz der gesteigerten Performance die Fahrt zum Einkaufen keine Belastung wird.<\/p>\n<p>In Zusammenarbeit mit dem Premiumhersteller <strong>Koni<\/strong> wurde die Variante 2 entwickelt, wo der Fahrer selber mit vielfacher Verstellm\u00f6glichkeit die Druck- und Zug Stufe einstellen kann.<\/p>\n<p>Somit kann jeder sein Gewindefahrwerk genau nach seinen fahrerischen Bed\u00fcrfnissen anpassen.<\/p>\n<h2>Gewindefahrwerk im AZE Tuning Shop sind laut Teilegutachten gepr\u00fcft<\/h2>\n<p>Selbstverst\u00e4ndlich sind alle Sport- und Gewindefahrwerke in unserem Auto Tuning Shop laut Teilegutachten gepr\u00fcft und besitzen f\u00fcr jedes Fahrzeug ein entsprechendes Gutachten.<\/p>\n<p>Zus\u00e4tzlich gibt es noch Sonderausf\u00fchrungen, wie z.B. besonders tiefe Ausf\u00fchrungen, Fahrwerke mit D\u00e4mpfkraftverstellung, Clubsport Fahrwerke, Rennsportfahrwerke und Gewindefahrwerke die aus Aluminium gefertigt werden.<\/p>\n\n\n\n<div class=\"col_right\">\n<p><\/p><\/div>\n\n\n\n\n\n<div class=\"col_footer\">&nbsp;<\/div>\n","protected":false},"excerpt":{"rendered":"<p>H&amp;R Gewindefahrwerke durchsuchen \u2794 Das H&amp;R Gewindefahrwerkist eines der traditionsreichsten Gewindefahrwerke Deutschlands. H&amp;R geh\u00f6rt zu einem der \u00e4ltesten Sportfahrwerkherstellern weltweit.Auch mit der Produktion von Gewindefahrwerken wurde bereits Ende der 80er Jahre begonnen welche die Firma H&amp;R Jahr f\u00fcr Jahr immer &hellip; <a href=\"https:\/\/www.aze-tuning.de\/tuning-shop\/hr-gewindefahrwerk\/\">Weiterlesen <span class=\"meta-nav\">&rarr;<\/span><\/a><\/p>\n","protected":false},"author":3,"featured_media":0,"parent":0,"menu_order":0,"comment_status":"closed","ping_status":"open","template":"","meta":{"_monsterinsights_skip_tracking":false,"_monsterinsights_sitenote_active":false,"_monsterinsights_sitenote_note":"","_monsterinsights_sitenote_category":0,"jetpack_post_was_ever_published":false,"footnotes":""},"class_list":["post-13","page","type-page","status-publish","hentry"],"aioseo_notices":[],"jetpack_shortlink":"https:\/\/wp.me\/P4sq84-d","jetpack_sharing_enabled":true,"_links":{"self":[{"href":"https:\/\/www.aze-tuning.de\/tuning-shop\/wp-json\/wp\/v2\/pages\/13","targetHints":{"allow":["GET"]}}],"collection":[{"href":"https:\/\/www.aze-tuning.de\/tuning-shop\/wp-json\/wp\/v2\/pages"}],"about":[{"href":"https:\/\/www.aze-tuning.de\/tuning-shop\/wp-json\/wp\/v2\/types\/page"}],"author":[{"embeddable":true,"href":"https:\/\/www.aze-tuning.de\/tuning-shop\/wp-json\/wp\/v2\/users\/3"}],"replies":[{"embeddable":true,"href":"https:\/\/www.aze-tuning.de\/tuning-shop\/wp-json\/wp\/v2\/comments?post=13"}],"version-history":[{"count":11,"href":"https:\/\/www.aze-tuning.de\/tuning-shop\/wp-json\/wp\/v2\/pages\/13\/revisions"}],"predecessor-version":[{"id":801,"href":"https:\/\/www.aze-tuning.de\/tuning-shop\/wp-json\/wp\/v2\/pages\/13\/revisions\/801"}],"wp:attachment":[{"href":"https:\/\/www.aze-tuning.de\/tuning-shop\/wp-json\/wp\/v2\/media?parent=13"}],"curies":[{"name":"wp","href":"https:\/\/api.w.org\/{rel}","templated":true}]}}