{"id":161,"date":"2012-01-21T05:30:53","date_gmt":"2012-01-21T05:30:53","guid":{"rendered":"http:\/\/www.aze-tuning.de\/tuning-shop\/?page_id=161"},"modified":"2021-02-18T16:25:15","modified_gmt":"2021-02-18T16:25:15","slug":"weitec-sportfahrwerk","status":"publish","type":"page","link":"https:\/\/www.aze-tuning.de\/tuning-shop\/weitec-sportfahrwerk\/","title":{"rendered":"ST Sportfahrwerk"},"content":{"rendered":"\n<div class=\"all_products_header\"><a href=\"..\/..\/Fahrwerkstechnik\/Sportfahrwerke\/?manufacturer=ea35785d4b17413d8dd8f299d00f9d29&#038;order=name-asc&#038;p=1\">Sportfahrwerke von ST suspensions <u>durchsuchen<\/u> \u2794 <\/a><\/div>\n\n\n\n<h2>ST suspensions Sportfahrwerke, Unschlagbares Preis Leistung Verh\u00e4ltnis<\/h2>\n<p>Mit dem Wietec Sportfahrwerk Ultra GT ist es dem Unternehmen gelungen ein qualitativ hochwertiges Fahrwerk auf den Markt zu bringen welches durch seines hervorragenden Preis Leistung Verh\u00e4ltnis hervorsticht.<br \/>Das <strong>ST suspensions Sportfahrwerk<\/strong> ist mehr als nur ein Fahrwerk, nur die besten Materialien und ein unschlagbares Knowhow machen aus dem ST suspensions Sportfahrwerk ein Fahrwerk f\u00fcr die breite Masse. Durch den eng kalkulieren Verkaufspreis des ST suspensions Fahrwerkes k\u00f6nnen alle auf ein Sportfahrwerk zur\u00fcckgreifen die nicht Tausende von Euros f\u00fcr ein Sportfahrwerk ausgeben wollen.<\/p>\n<h2>Jedes ST suspensions Sportfahrwerk besteht aus exakt aufeinander abgestimmten Komponenten<\/h2>\n<p>So besitzt jedes <strong>ST suspensions Fahrwerk<\/strong> eine kaltgewickelte ST suspensions Sportfeder welche zum Korrosionsschutz mit einer dicken gelben Epoxid Beschichtung versehen wurde.<br \/>Die Sportsto\u00dfd\u00e4mpfer des ST suspensions Sportfahrwerkes sind ebenfalls hochwertige und verschlei\u00dfarme Sto\u00dfd\u00e4mpfer welche mit der Rebound Technologie gefertigt werden.<br \/>Die sportlich voreingestellte D\u00e4mpfercharakteristik verleiht dem ST suspensions Sportfahrwerk die gew\u00fcnschte H\u00e4rte ohne den Komfort aus den Augen zu verlieren.<br \/>Diese Rebound Technologie erm\u00f6glicht es dem <em>ST suspensions Sportfahrwerk<\/em> durch die Verwendung von ST suspensions Tieferlegungsfedern das Fahrzeug abzusenken.<br \/>Durch die progressive Abstimmung und dem sportlich strammen Fahrverhalten in Verbindung mit dem abgesenkten Fahrzeugschwerpunkt erreicht das ST suspensions Fahrwerk h\u00f6chstes Niveau und Sportlichkeit, ohne die gewisse Restsicherheit zu verlieren.<\/p>\n<h3>Tieferlegung mit ST suspensions Sportfahrwerken<\/h3>\n<p>Die zu erreichende Tieferlegung der Fahrzeuge durch die Verwendung von ST suspensions Sportfahrwerken richtet sich voll und ganz nach dem Kundenwunsch.<br \/>So k\u00f6nnen die ST suspensions Fahrwerke in unterschiedlichen Tiefen und Ausf\u00fchrungen geordert werden. Von einer Mindesttieferlegung von 20 mm bis hin zu einer satten Sportlichen Tieferlegung von 60 mm ist f\u00fcr jeden Geschmack was dabei. Sogar Sportfahrwerke in der beliebten Keilform hat ST suspensions in seinem Fahrwerksprogramm.<br \/>Bei einigen Fahrzeugmodellen besteht zus\u00e4tzlich noch die M\u00f6glichkeit die Fahrzeugtiefe der Hinterachse selbstst\u00e4ndig am ST suspensions Sportfahrwerk durch Nutenverstellung einzustellen.<br \/><strong>Alle ST suspensions Fahrwerke besitzen ein laut Teilegutachten und teilweise sogar eine eintragungsfreie ABE.<\/strong><\/p>\n\n\n\n<div class=\"col_right\"><\/div>\n\n\n\n\n\n<div class=\"col_footer\">&nbsp;<\/div>\n","protected":false},"excerpt":{"rendered":"<p>Sportfahrwerke von ST suspensions durchsuchen \u2794 ST suspensions Sportfahrwerke, Unschlagbares Preis Leistung Verh\u00e4ltnis Mit dem Wietec Sportfahrwerk Ultra GT ist es dem Unternehmen gelungen ein qualitativ hochwertiges Fahrwerk auf den Markt zu bringen welches durch seines hervorragenden Preis Leistung Verh\u00e4ltnis &hellip; <a href=\"https:\/\/www.aze-tuning.de\/tuning-shop\/weitec-sportfahrwerk\/\">Weiterlesen <span class=\"meta-nav\">&rarr;<\/span><\/a><\/p>\n","protected":false},"author":3,"featured_media":0,"parent":0,"menu_order":0,"comment_status":"closed","ping_status":"closed","template":"","meta":{"_monsterinsights_skip_tracking":false,"_monsterinsights_sitenote_active":false,"_monsterinsights_sitenote_note":"","_monsterinsights_sitenote_category":0,"jetpack_post_was_ever_published":false,"footnotes":""},"class_list":["post-161","page","type-page","status-publish","hentry"],"aioseo_notices":[],"jetpack_shortlink":"https:\/\/wp.me\/P4sq84-2B","jetpack_sharing_enabled":true,"_links":{"self":[{"href":"https:\/\/www.aze-tuning.de\/tuning-shop\/wp-json\/wp\/v2\/pages\/161","targetHints":{"allow":["GET"]}}],"collection":[{"href":"https:\/\/www.aze-tuning.de\/tuning-shop\/wp-json\/wp\/v2\/pages"}],"about":[{"href":"https:\/\/www.aze-tuning.de\/tuning-shop\/wp-json\/wp\/v2\/types\/page"}],"author":[{"embeddable":true,"href":"https:\/\/www.aze-tuning.de\/tuning-shop\/wp-json\/wp\/v2\/users\/3"}],"replies":[{"embeddable":true,"href":"https:\/\/www.aze-tuning.de\/tuning-shop\/wp-json\/wp\/v2\/comments?post=161"}],"version-history":[{"count":6,"href":"https:\/\/www.aze-tuning.de\/tuning-shop\/wp-json\/wp\/v2\/pages\/161\/revisions"}],"predecessor-version":[{"id":822,"href":"https:\/\/www.aze-tuning.de\/tuning-shop\/wp-json\/wp\/v2\/pages\/161\/revisions\/822"}],"wp:attachment":[{"href":"https:\/\/www.aze-tuning.de\/tuning-shop\/wp-json\/wp\/v2\/media?parent=161"}],"curies":[{"name":"wp","href":"https:\/\/api.w.org\/{rel}","templated":true}]}}