{"id":163,"date":"2012-01-21T05:45:26","date_gmt":"2012-01-21T05:45:26","guid":{"rendered":"http:\/\/www.aze-tuning.de\/tuning-shop\/?page_id=163"},"modified":"2021-02-18T16:27:11","modified_gmt":"2021-02-18T16:27:11","slug":"st-suspensions-stossdaempfer","status":"publish","type":"page","link":"https:\/\/www.aze-tuning.de\/tuning-shop\/st-suspensions-stossdaempfer\/","title":{"rendered":"ST Sto\u00dfd\u00e4mpfer"},"content":{"rendered":"\n<div class=\"all_products_header\"><a href=\"..\/..\/Fahrwerkstechnik\/Sportstossdaempfer\/?manufacturer=ea35785d4b17413d8dd8f299d00f9d29&#038;order=name-asc&#038;p=1\" onclick=\"ga('send', 'event', 'Tuning Ratgeber', 'Link2Shop', 'ST suspensions Sto\u00dfd\u00e4mpfer')\">Sto\u00dfd\u00e4mpfer von ST suspensions <u>durchsuchen<\/u> \u2794 <\/a><\/div>\n\n\n\n<h2>Die ST suspensions Sto\u00dfd\u00e4mpfer, G\u00fcnstig aber nicht Billig !<\/h2>\n<p>Die Firma ST suspensions produziert bereits von Unternehmensgr\u00fcndung an alles was mit Fahrwerkstechnik zu tun hat. So stammen auch die ST suspensions Sport- Sto\u00dfd\u00e4mpfer aus eigener Produktion.<br \/>\nMit der <strong>ST suspensions Sportsto\u00dfd\u00e4mpferserie GT<\/strong> entstand ein Sto\u00dfd\u00e4mpfer&nbsp; der durch seine fest eingestellte sportliche Charakteristik perfekt zu den von ST suspensions gefertigten Sportfedern passt.<br \/>\nDie <em>ST suspensions Sto\u00dfd\u00e4mpfer<\/em> werden nur aus den besten und hochwertigsten Materialien hergestellt, was eine lange Lebensdauer bei gleichbleibenden D\u00e4mpfungseigenschaften garantiert.<br \/>\nAlle Sto\u00dfd\u00e4mpfer die im Hanse ST suspensions hergestellt werden sind&nbsp; 2-Rohr- Sto\u00dfd\u00e4mpfer welche durch den gek\u00fcrzten Kolbenstangenaushub auch Rebound Sto\u00dfd\u00e4mpfer genannt werden.<\/p>\n<h2>ST suspensions Sto\u00dfd\u00e4mpfer &#8211; Das Rebound System<\/h2>\n<p>Auf das Rebound System konnten die Entwickler der&nbsp; ST suspensions Sto\u00dfd\u00e4mpfer nicht verzichten, denn unter Verwendung von ST suspensions Tieferlegungsfedern bestand die Gefahr das die Tieferlegungsfeder bei zu weitem Aushub der Kolbenstange einfach aus dem Sto\u00dfd\u00e4mpfer kippen.<br \/>\nUm diesem gef\u00e4hrlichen Spiel vorzubeugen wurde der Kolbenstangenaushub begrenzt was dem ST suspensions Sto\u00dfd\u00e4mpfer den Beiname Rebound gab.<br \/>\nDie Komplette D\u00e4mpfungscharakteristik der <em>ST suspensions Sto\u00dfd\u00e4mpfer<\/em> wurden perfekt auf die ST suspensions Federn, Sportfedern und Tieferlegungsfedern ausgelegt.<\/p>\n<h3>Fahrzeugh\u00f6he mit ST suspensions Sto\u00dfd\u00e4mpfern anpassen<\/h3>\n<p>Durch diese Symbiose entsteht ein Sportfahrwerk welches trotz kosteng\u00fcnstiger Anschaffung eine hochwertige und sportliche Alternative zum vorhandenen Serienfahrwerk bietet.<br \/>\nF\u00fcr zahlreiche Fahrzeugmodelle vieler Hersteller wurde bei den ST suspensions Sto\u00dfd\u00e4mpfern f\u00fcr die Hinterachse auf die bew\u00e4hrte Nutenverstellung zur\u00fcckgegriffen.<br \/>\nMit der Nutenverstellung an den ST suspensions Sto\u00dfd\u00e4mpfern kann die Fahrzeugh\u00f6he individuell angepasst werden, was ein enormes optisches Plus bringt.<br \/>\nWie <strong>bei allen ST suspensions Produkten<\/strong> wurden die Kosten nie aus den Augen verloren, denn die g\u00fcnstigen Preise bei gleichbleibender Qualit\u00e4t machen <strong>ST suspensions Sto\u00dfd\u00e4mpfer<\/strong> zu dem was sie heute sind.<\/p>\n\n\n\n<div class=\"col_right\">\n<\/div>\n\n\n\n\n\n<div class=\"col_footer\"><\/div>\n","protected":false},"excerpt":{"rendered":"<p>Sto\u00dfd\u00e4mpfer von ST suspensions durchsuchen \u2794 Die ST suspensions Sto\u00dfd\u00e4mpfer, G\u00fcnstig aber nicht Billig ! Die Firma ST suspensions produziert bereits von Unternehmensgr\u00fcndung an alles was mit Fahrwerkstechnik zu tun hat. So stammen auch die ST suspensions Sport- Sto\u00dfd\u00e4mpfer aus &hellip; <a href=\"https:\/\/www.aze-tuning.de\/tuning-shop\/st-suspensions-stossdaempfer\/\">Weiterlesen <span class=\"meta-nav\">&rarr;<\/span><\/a><\/p>\n","protected":false},"author":3,"featured_media":0,"parent":0,"menu_order":0,"comment_status":"closed","ping_status":"closed","template":"","meta":{"_monsterinsights_skip_tracking":false,"_monsterinsights_sitenote_active":false,"_monsterinsights_sitenote_note":"","_monsterinsights_sitenote_category":0,"jetpack_post_was_ever_published":false,"footnotes":""},"class_list":["post-163","page","type-page","status-publish","hentry"],"aioseo_notices":[],"jetpack_shortlink":"https:\/\/wp.me\/P4sq84-2D","jetpack_sharing_enabled":true,"_links":{"self":[{"href":"https:\/\/www.aze-tuning.de\/tuning-shop\/wp-json\/wp\/v2\/pages\/163","targetHints":{"allow":["GET"]}}],"collection":[{"href":"https:\/\/www.aze-tuning.de\/tuning-shop\/wp-json\/wp\/v2\/pages"}],"about":[{"href":"https:\/\/www.aze-tuning.de\/tuning-shop\/wp-json\/wp\/v2\/types\/page"}],"author":[{"embeddable":true,"href":"https:\/\/www.aze-tuning.de\/tuning-shop\/wp-json\/wp\/v2\/users\/3"}],"replies":[{"embeddable":true,"href":"https:\/\/www.aze-tuning.de\/tuning-shop\/wp-json\/wp\/v2\/comments?post=163"}],"version-history":[{"count":4,"href":"https:\/\/www.aze-tuning.de\/tuning-shop\/wp-json\/wp\/v2\/pages\/163\/revisions"}],"predecessor-version":[{"id":824,"href":"https:\/\/www.aze-tuning.de\/tuning-shop\/wp-json\/wp\/v2\/pages\/163\/revisions\/824"}],"wp:attachment":[{"href":"https:\/\/www.aze-tuning.de\/tuning-shop\/wp-json\/wp\/v2\/media?parent=163"}],"curies":[{"name":"wp","href":"https:\/\/api.w.org\/{rel}","templated":true}]}}