{"id":59,"date":"2011-12-22T11:06:48","date_gmt":"2011-12-22T11:06:48","guid":{"rendered":"http:\/\/www.aze-tuning.de\/tuning-shop\/?page_id=59"},"modified":"2021-02-18T16:35:29","modified_gmt":"2021-02-18T16:35:29","slug":"hr-shop","status":"publish","type":"page","link":"https:\/\/www.aze-tuning.de\/tuning-shop\/hr-shop\/","title":{"rendered":"H&#038;R Shop"},"content":{"rendered":"\n<div class=\"all_products_header\"><a href=\"..\/..\/Fahrwerkstechnik\/?manufacturer=35536b15bcf04505a9add61fb123008b&amp;order=name-asc&amp;p=1\">H&amp;R Shop <u>durchsuchen<\/u> \u2794 <\/a><\/div>\n\n\n\n<h2>Der H&amp;R Shop bei Ihrem Fahrwerks Fachh\u00e4ndler.<\/h2>\n<p style=\"text-align: justify;\">Viele Autoteile- und Tunings-Shops haben sich auf den Verkauf von Fahrwerkskomponenten spezialisiert. Der Verkauf von qualitativ hochwertigen Sportfahrwerken verschiedener Marken ist eines der gr\u00f6\u00dften Bereiche im Tuning. Der H&amp;R Shop bietet nicht nur f\u00fcr Tuning begeisterte die passende Tieferlegung an, sondern&nbsp;&nbsp; auch denjenigen Fahrern die gew\u00fcnscht sportliche Performance die sie bei ihren Alltagsautos vermissen. Der <strong>H&amp;R Shop<\/strong> bietet das ganze Sortiment des Premium Herstellers.<\/p>\n<p style=\"text-align: justify;\">Zu den \u00fcber einen H&amp;R Shop vertriebenen Komponenten z\u00e4hlt unteranderem Sportfeders\u00e4tzen, Tieferlegungsfedern, Monotube Gewindefahrwerken, Twin-Tube <a href=\"https:\/\/www.aze-tuning.de\/Fahrwerkstechnik\/Gewindefahrwerk\/?manufacturer=35536b15bcf04505a9add61fb123008b&#038;order=name-asc&#038;p=1\">Gewindefahrwerken<\/a>, <a href=\"https:\/\/www.aze-tuning.de\/Fahrwerkstechnik\/Sportfahrwerke\/?manufacturer=35536b15bcf04505a9add61fb123008b&#038;order=name-asc&#038;p=1\">Cup-Kit Sportfahrwerke<\/a>, TRAK+ Spurverbreiterungen, Stabilisatoren, ETS (elektronische Tieferlegungs Systeme) und das H&amp;R Triple C Exzenter-System welches die Sturzeinstellung am Fahrzeug erm\u00f6glicht.<\/p>\n<p style=\"text-align: justify;\">Im Unterschied zu manchen Auto- und Ersatzteilh\u00e4ndlern versteht sich der <a href=\"https:\/\/www.aze-tuning.de\/Fahrwerkstechnik\/?manufacturer=35536b15bcf04505a9add61fb123008b&amp;order=name-asc&amp;p=1\">H&amp;R Tuning Shop<\/a> als Fachh\u00e4ndler, der seine Kunden \u00fcber alle angebotenen Produkte informiert, und ihnen exakt f\u00fcr ihr Fahrzeug die entsprechenden Fahrwerkskomponenten verkaufen und beschaffen kann.<\/p>\n<p style=\"text-align: justify;\">Der H&amp;R Shop verf\u00fcgt meist auch \u00fcber Fahrwerkszubeh\u00f6r anderer Hersteller und hat daher die M\u00f6glichkeit ihnen auch passende Konkurrenzprodukte zu besorgen.<\/p>\n<h3>Der Fachh\u00e4ndler H&amp;R Shop &#8211; www.aze-tuning.de<\/h3>\n<p style=\"text-align: justify;\">Als Fachh\u00e4ndler versteht sich der <em>H&amp;R Shop<\/em> nicht als reine Verkaufsplattform sondern auch als Informant \u00fcber die neusten Fahrwerks und Fahrwerkskomponenten, um dem Kunden immer das bieten zu k\u00f6nnen was er sucht.<\/p>\n<p style=\"text-align: justify;\">Alle H&amp;R Shops pr\u00e4sentieren sich nach au\u00dfen nicht als H&amp;R Shop sondern firmieren unter eigenen Namen, allerdings kann man nicht sichersein, <strong>H&amp;R Produkte<\/strong> werden nicht von jeden Vertrieben, da die Firma H&amp;R nicht nur bei Ihren Fahrwerken sondern auch bei ihren H\u00e4ndlern Qualit\u00e4t verlangt die andere nicht erf\u00fcllen k\u00f6nnen.<\/p>\n\n\n\n<div class=\"col_right\"><\/div>\n\n\n\n\n\n<div class=\"col_footer\">&nbsp;<\/div>\n","protected":false},"excerpt":{"rendered":"<p>H&amp;R Shop durchsuchen \u2794 Der H&amp;R Shop bei Ihrem Fahrwerks Fachh\u00e4ndler. Viele Autoteile- und Tunings-Shops haben sich auf den Verkauf von Fahrwerkskomponenten spezialisiert. Der Verkauf von qualitativ hochwertigen Sportfahrwerken verschiedener Marken ist eines der gr\u00f6\u00dften Bereiche im Tuning. Der H&amp;R &hellip; <a href=\"https:\/\/www.aze-tuning.de\/tuning-shop\/hr-shop\/\">Weiterlesen <span class=\"meta-nav\">&rarr;<\/span><\/a><\/p>\n","protected":false},"author":3,"featured_media":0,"parent":0,"menu_order":0,"comment_status":"closed","ping_status":"closed","template":"","meta":{"_monsterinsights_skip_tracking":false,"_monsterinsights_sitenote_active":false,"_monsterinsights_sitenote_note":"","_monsterinsights_sitenote_category":0,"jetpack_post_was_ever_published":false,"footnotes":""},"class_list":["post-59","page","type-page","status-publish","hentry"],"aioseo_notices":[],"jetpack_shortlink":"https:\/\/wp.me\/P4sq84-X","jetpack_sharing_enabled":true,"_links":{"self":[{"href":"https:\/\/www.aze-tuning.de\/tuning-shop\/wp-json\/wp\/v2\/pages\/59","targetHints":{"allow":["GET"]}}],"collection":[{"href":"https:\/\/www.aze-tuning.de\/tuning-shop\/wp-json\/wp\/v2\/pages"}],"about":[{"href":"https:\/\/www.aze-tuning.de\/tuning-shop\/wp-json\/wp\/v2\/types\/page"}],"author":[{"embeddable":true,"href":"https:\/\/www.aze-tuning.de\/tuning-shop\/wp-json\/wp\/v2\/users\/3"}],"replies":[{"embeddable":true,"href":"https:\/\/www.aze-tuning.de\/tuning-shop\/wp-json\/wp\/v2\/comments?post=59"}],"version-history":[{"count":12,"href":"https:\/\/www.aze-tuning.de\/tuning-shop\/wp-json\/wp\/v2\/pages\/59\/revisions"}],"predecessor-version":[{"id":833,"href":"https:\/\/www.aze-tuning.de\/tuning-shop\/wp-json\/wp\/v2\/pages\/59\/revisions\/833"}],"wp:attachment":[{"href":"https:\/\/www.aze-tuning.de\/tuning-shop\/wp-json\/wp\/v2\/media?parent=59"}],"curies":[{"name":"wp","href":"https:\/\/api.w.org\/{rel}","templated":true}]}}