{"id":94,"date":"2012-01-10T13:52:17","date_gmt":"2012-01-10T13:52:17","guid":{"rendered":"http:\/\/www.aze-tuning.de\/tuning-shop\/?page_id=94"},"modified":"2021-02-18T15:49:02","modified_gmt":"2021-02-18T15:49:02","slug":"eibach-pro-dumper-stossdaempfer","status":"publish","type":"page","link":"https:\/\/www.aze-tuning.de\/tuning-shop\/eibach-pro-dumper-stossdaempfer\/","title":{"rendered":"Eibach Sto\u00dfd\u00e4mpfer"},"content":{"rendered":"\n<div class=\"all_products_header\"><a href=\"..\/..\/Fahrwerkstechnik\/Sportfahrwerke\/?manufacturer=0dc48d67aac04b168c9ebb4b573d07e1&#038;order=name-asc&#038;p=1\">Sto\u00dfd\u00e4mpfer von Eibach <u>durchsuchen<\/u> \u2794 <\/a><\/div>\n\n\n\n<h2>Eibach Pro-Damper sind mehr als nur Sto\u00dfd\u00e4mpfer<\/h2>\n<p>Mit der Entwicklung der Eibach Pro-Damper Sto\u00dfd\u00e4mpfer wurde das Sortiment von hochkar\u00e4tigen Fahrwerkskomponenten der Marke Eibach erweitert.<br \/>Die Pro- Damper Sto\u00dfd\u00e4mpfer wurden speziell f\u00fcr die Anwendung von Eibach Federn wie Pro-Kit oder Sportsline entwickelt. Mit ihrer sportlichen Carakteristik passen die Eibach Pro-Damper Sto\u00dfd\u00e4mpfer perfekt zu den Sport- und Tieferlegungsfedern von <strong>Eibach<\/strong>.<br \/>Nach einer langen Entwicklungszeit konnte die maximale Bodenhaftung erzielt werden, indem in vielen Versuchen ein Kompromiss zwischen Komfort und sportlichen Fahreigenschaften ermittelt wurde, der die <strong>Eibach Pro-Damper Sto\u00dfd\u00e4mpfer<\/strong> zu dem machen, was sie heute sind, Sto\u00dfd\u00e4mpfer der Spitzenklasse.<br \/>Durch die harmonische Einstellung der Eibach Pro-Damper entsteht ein Sicherheitsgef\u00fchl, das ein positives Feedback an den Fahrer weitergibt.<br \/>Die Eibach Pro-Damper Performance <strong>Sto\u00dfd\u00e4mpfer<\/strong> verringern selbstst\u00e4ndig die Rollneigung in allen Fahrsituationen, was in Verbindung mit den passenden Eibach Sportfedern ein perfekt abgestimmtes Fahrwerk schafft.<\/p>\n<h2>Eibach Sto\u00dfd\u00e4mpfer<\/h2>\n<p>Im Vergleich zu Herstellern, die Ihre Sto\u00dfd\u00e4mpfer so g\u00fcnstig wie m\u00f6glich verkaufen wollen, nimmt sich Eibach die Zeit ihre <a href=\"https:\/\/www.aze-tuning.de\/Fahrwerkstechnik\/Sportfahrwerke\/?manufacturer=0dc48d67aac04b168c9ebb4b573d07e1&#038;order=name-asc&#038;p=1\">Eibach Pro-Damper Sto\u00dfd\u00e4mpfer<\/a> den verschiedenen Achslasten und Gewichten der verschiedenen Modelvarianten der Fahrzeughersteller anzupassen. Nur so kann gew\u00e4hrleistet werden, dass das Zusammenspiel aus Eibach Tieferlegungsfedern und den <em>Eibach Pro-Damper Sto\u00dfd\u00e4mpfern<\/em> funktioniert und sie in jeder Fahrsituation die Restsicherheit haben, die sie ben\u00f6tigen.<br \/>Die <em>Eibach Pro-Damper<\/em> Sto\u00dfd\u00e4mpfer sind Ihr Garant f\u00fcr ein sicheres und performancestarkes Fahrerlebnis in jeder Lebenslage.<br \/>Vertrauen Sie auf Erfahrung, die Eibach Pro-Damper Sto\u00dfd\u00e4mpfer.<\/p>\n\n\n\n<div class=\"col_right\"><\/div>\n\n\n\n\n\n<div class=\"col_footer\">&nbsp;<\/div>\n\n\n\n<p><\/p>\n","protected":false},"excerpt":{"rendered":"<p>Sto\u00dfd\u00e4mpfer von Eibach durchsuchen \u2794 Eibach Pro-Damper sind mehr als nur Sto\u00dfd\u00e4mpfer Mit der Entwicklung der Eibach Pro-Damper Sto\u00dfd\u00e4mpfer wurde das Sortiment von hochkar\u00e4tigen Fahrwerkskomponenten der Marke Eibach erweitert.Die Pro- Damper Sto\u00dfd\u00e4mpfer wurden speziell f\u00fcr die Anwendung von Eibach Federn &hellip; <a href=\"https:\/\/www.aze-tuning.de\/tuning-shop\/eibach-pro-dumper-stossdaempfer\/\">Weiterlesen <span class=\"meta-nav\">&rarr;<\/span><\/a><\/p>\n","protected":false},"author":3,"featured_media":0,"parent":0,"menu_order":0,"comment_status":"closed","ping_status":"closed","template":"","meta":{"_monsterinsights_skip_tracking":false,"_monsterinsights_sitenote_active":false,"_monsterinsights_sitenote_note":"","_monsterinsights_sitenote_category":0,"jetpack_post_was_ever_published":false,"footnotes":""},"class_list":["post-94","page","type-page","status-publish","hentry"],"aioseo_notices":[],"jetpack_shortlink":"https:\/\/wp.me\/P4sq84-1w","jetpack_sharing_enabled":true,"_links":{"self":[{"href":"https:\/\/www.aze-tuning.de\/tuning-shop\/wp-json\/wp\/v2\/pages\/94","targetHints":{"allow":["GET"]}}],"collection":[{"href":"https:\/\/www.aze-tuning.de\/tuning-shop\/wp-json\/wp\/v2\/pages"}],"about":[{"href":"https:\/\/www.aze-tuning.de\/tuning-shop\/wp-json\/wp\/v2\/types\/page"}],"author":[{"embeddable":true,"href":"https:\/\/www.aze-tuning.de\/tuning-shop\/wp-json\/wp\/v2\/users\/3"}],"replies":[{"embeddable":true,"href":"https:\/\/www.aze-tuning.de\/tuning-shop\/wp-json\/wp\/v2\/comments?post=94"}],"version-history":[{"count":12,"href":"https:\/\/www.aze-tuning.de\/tuning-shop\/wp-json\/wp\/v2\/pages\/94\/revisions"}],"predecessor-version":[{"id":776,"href":"https:\/\/www.aze-tuning.de\/tuning-shop\/wp-json\/wp\/v2\/pages\/94\/revisions\/776"}],"wp:attachment":[{"href":"https:\/\/www.aze-tuning.de\/tuning-shop\/wp-json\/wp\/v2\/media?parent=94"}],"curies":[{"name":"wp","href":"https:\/\/api.w.org\/{rel}","templated":true}]}}